s the greatest common divisor of a and l?
10
Suppose 8 = 3*h - 2*j - 9, 3 = -3*j. Calculate the highest common divisor of h and 10.
5
Let h = 336 - 217. What is the greatest common factor of h and 17?
17
Let r = 4 - 4. Let j = r - -3. Suppose -2*o - 4*b + 3*b + 11 = 0, -3*o + 4*b + 22 = 0. Calculate the highest common factor of j and o.
3
Let g = -5 - -8. Let l be ((-60)/g)/(-2 - 0). Let y be 37/7 - 4/14. What is the highest common factor of y and l?
5
Let v be (23/(-4))/(3/(-24)). What is the highest common factor of 115 and v?
23
Suppose -4*h = -2*h - 24. What is the highest common divisor of h and 12?
12
Suppose -d = 2*o - 16, -2*o - o + 24 = 5*d. Let c = -6 + 8. Calculate the highest common divisor of c and o.
2
Let g be (-155)/(-5) + (2 - 0). Let d = g - 20. What is the highest common factor of d and 39?
13
Let k = 37 + -23. Calculate the greatest common divisor of 140 and k.
14
Let q(r) = -r**3 - 2*r**2 + 2*r - 2. Let a be q(-3). Let d be 1 + 2 + -3 + 1. What is the greatest common factor of d and a?
1
Let k(l) = -l**2 - 2*l + 3. Let r be k(-3). Suppose -8*x + 3*x + 10 = r. Calculate the highest common divisor of x and 6.
2
Let r be -10 - -14 - (1 - 39). What is the greatest common factor of 6 and r?
6
Let f(j) = j**2 + 3*j - 2. Let x be f(-4). Suppose 8*i = 13*i - 50. What is the highest common factor of x and i?
2
Suppose d - 75 = -2*h, -3*d + 196 = 3*h - 14. Let g = 60 + -34. What is the highest common divisor of d and g?
13
Let p(b) = 17*b - 1. Let x be p(2). Let y(s) be the second derivative of 7*s**4/4 + s**2/2 + 2*s. Let u be y(-1). What is the highest common factor of u and x?
11
Let d be -7 + 5 - (1 - 19). Let v = d - -47. What is the greatest common factor of 21 and v?
21
Let o = -1 + 1. Suppose -3*w - 10 = 2*l, o*l - 3*l + 4*w + 2 = 0. Let a(c) = 9*c**2. Let q be a(l). Calculate the highest common divisor of q and 9.
9
Let o(d) = -d + 72. Let m be o(0). Calculate the highest common divisor of m and 8.
8
Suppose s = -3 + 22. Suppose 5*d = 4*n, 0 = -5*d - 3*n + 17 + 18. Let v be d/(-14) - (-1866)/14. What is the greatest common factor of s and v?
19
Let k(r) = 2*r**2 - 3*r. Let m be k(2). Let q = -49 + 54. What is the highest common factor of m and q?
1
Suppose h + o - 109 = 2*o, -3*h = -4*o - 324. What is the highest common factor of 14 and h?
14
Suppose 2*g + 3*y = 0, -g + 4*y + 30 = 8. What is the greatest common factor of g and 4?
2
Let g = 25 + -18. What is the highest common divisor of g and 1?
1
Let p(y) = y**2 + 15*y + 54. Let f be p(-10). What is the highest common divisor of 68 and f?
4
Let j(x) = -x**2 - 1. Let g be j(-1). Let c be -6 + 8 - g/1. Let w = 55 + -27. What is the highest common factor of w and c?
4
Let i = 41 - 35. What is the highest common factor of 4 and i?
2
Suppose -3*y + 4 = 2*c, -3*c + 28 = -5*y - 16. Let i(s) = 3*s**2 + 7*s - 10. Let j be i(-7). Calculate the highest common factor of j and c.
8
Let q be (-1*15)/(-4 - -3). Let s(m) be the first derivative of 2*m**3/3 + 9*m**2/2 - 11*m - 1. Let z be s(-8). Calculate the highest common divisor of q and z.
15
Suppose -9 = 2*g - 3*z, 3*z = 2*g + 2*z - 1. Let t be -7*2*g/(-6). What is the highest common divisor of t and 77?
7
Let i be (-319)/(-99) - (-4)/(-18). What is the highest common factor of 27 and i?
3
Let x be -1 + -1 + 1 + 18. Let q = 39 + -22. What is the greatest common factor of q and x?
17
Let n = 22 - 21. What is the highest common factor of n and 3?
1
Suppose u - 82 = 30. Let d be (-3)/2*u/(-24). Let n = d - -5. Calculate the greatest common divisor of n and 3.
3
Let b = -4 + 3. Let z be 2 - (-2 - b*2). Suppose 17 = i - z*l - 3*l, 3*i = -l + 35. Calculate the highest common factor of 108 and i.
12
Let m = 12 - 8. Suppose 2*l + 3*h + 14 = 3*l, 2*l + h - 21 = 0. Suppose 5*z = m + l. Calculate the highest common factor of z and 1.
1
Suppose -5*b + 3*o = -2*o - 75, -3*b = -4*o - 40. Let h be (-8)/28 + 16/7. Suppose 0 = -h*y + 123 - 3. What is the greatest common factor of y and b?
20
Suppose -3*m + 103 + 194 = 0. Calculate the highest common factor of 11 and m.
11
Let d be ((-1560)/9)/5*6/(-4). What is the highest common divisor of d and 416?
52
Let x(h) = 12*h - 11. Let s be x(15). What is the highest common divisor of 13 and s?
13
Suppose 40 = 5*q - 0. Let g(y) = y - 8. Let k be g(q). Suppose -4*u + 63 - 3 = k. What is the highest common factor of 6 and u?
3
Suppose -3*t + 2*n - 5*n = -111, 4*t = 2*n + 136. Let y be -15 + 1 + -2 + 4. Let c = -7 - y. What is the highest common factor of c and t?
5
Let n = 35 - 23. Let i be 10/(0 - (-3)/n). What is the greatest common divisor of 5 and i?
5
Let a be (-19 - 24/(-6))*-15*1. What is the highest common factor of 15 and a?
15
Let b(m) = -12*m - 3. Let g(t) = 1. Let k(z) = -5*z - 4. Let c(x) = 5*g(x) + k(x). Let w be c(1). Let f be b(w). What is the greatest common factor of 5 and f?
5
Suppose 28 = 4*v - 5*u, 4*v - 7 = 3*v - u. Suppose -c + 5*r + 87 = 0, 3*c - 395 = -2*c + 5*r. What is the greatest common divisor of v and c?
7
Let j(v) = v**3 + 3*v**2 - v. Let g be j(2). Suppose 0 = 2*x - 2 - 2. Let w be (-2967)/(-15) + x/10. Calculate the greatest common divisor of w and g.
18
Suppose 5*m - 57 - 263 = 0. Let h = 19 - 39. Let r be h/3*6/(-5). Calculate the greatest common factor of m and r.
8
Suppose -4*x - 38 = -3*h, h + 2 = -0*x + 5*x. Let g = 66 - 54. Calculate the greatest common factor of g and h.
6
Suppose -b = 2 - 18. Let p(h) be the third derivative of 3*h**4/4 + 2*h**3/3 - 3*h**2. Let g be p(6). Calculate the greatest common factor of b and g.
16
Suppose 3*u - 19 = -2*f + f, 4*u - 73 = -5*f. Calculate the greatest common divisor of f and 13.
13
Let o = -22 + 24. Calculate the highest common factor of o and 10.
2
Suppose -3*u - 22 = -y - 5, 4*u = -16. Suppose 72 = 5*o - 2*s + 5*s, 2*s = 2*o - 32. Suppose o = 4*v - v. Calculate the greatest common factor of v and y.
5
Suppose -7*m + 28 = -3*m. Let c be 27 + 2 + 1 + -1. Let b = c + -1. What is the highest common factor of b and m?
7
Suppose 5*o - 19 = 61. Calculate the highest common divisor of 16 and o.
16
Let z = 35 - 17. What is the greatest common factor of 2 and z?
2
Let g(a) = -a**2 - 14*a + 15. Let n be g(-14). What is the highest common factor of n and 15?
15
Suppose -4*t = 3*b - 165, -3*t + 4*b = -2*t - 65. Suppose c - 4*c = -t. Calculate the greatest common divisor of 15 and c.
15
Suppose 4*t - 2*f = 164, -191 + 29 = -4*t + f. What is the highest common divisor of 10 and t?
10
Suppose -4 = -2*f - 0. Let h be (4 - f) + 0 + 12. Let w(a) = -a**3 - 2*a**2 - 5*a - 2. Let l be w(-5). What is the greatest common divisor of l and h?
14
Let y be ((-2)/(-5))/((-7)/(-840)). Let v = -6 - -12. Calculate the greatest common divisor of v and y.
6
Let p be -8 + 10 + 8*-2. Let j be (-4)/p - 12/(-7). What is the greatest common factor of j and 6?
2
Suppose 0 = 4*h + 1 - 9. Calculate the highest common factor of 10 and h.
2
Suppose -3*n + k + 32 = -100, -44 = -n - k. Calculate the highest common divisor of 176 and n.
44
Let p(i) = -15*i + 1. Let w be p(-1). What is the highest common factor of w and 24?
8
Let r be 6 - 3 - (0 + 1). Let d(g) = 7*g - 5. Let q be d(r). Calculate the greatest common factor of q and 3.
3
Let l(a) = -20*a - 7. Let k be l(-8). What is the highest common divisor of 17 and k?
17
Let f(r) = 7*r - 4. Let k be f(-5). Let z = -9 - k. Suppose -31 = -2*v + p, 0*p - 65 = -4*v + 5*p. Calculate the greatest common divisor of v and z.
15
Suppose 0*q - 3*q + 6 = b, 0 = 2*q + 2*b. Calculate the highest common divisor of 3 and q.
3
Suppose 0 = j - 4*j. Let u = 91 - 10. Suppose -4*q + 23 + u = j. Calculate the highest common factor of 39 and q.
13
Suppose 2*x = -13 + 5, -2*n = 2*x - 46. Suppose 0 = -q - 2*q + n. Calculate the highest common divisor of q and 72.
9
Suppose -k - 3*k + 48 = 0. Suppose -k = -6*b + 12. Calculate the greatest common factor of 28 and b.
4
Let m(z) = 10*z + 6. Let r be m(5). Suppose -4*s + r = -c + 3*c, -3*s = 5*c - 49. What is the highest common factor of 104 and s?
13
Let b(a) = -a**2 + 4*a + 1. Let r be b(3). Calculate the highest common divisor of r and 6.
2
Suppose 2*z - 3*p - 167 = 0, 2*p - 6 = -0*p. Calculate the highest common factor of z and 22.
22
Let w be (18*-1)/((-5)/40). Calculate the highest common 